{"id":40,"date":"2018-12-21T09:58:55","date_gmt":"2018-12-21T09:58:55","guid":{"rendered":"https:\/\/orga-support.gflr.de\/?page_id=40"},"modified":"2022-07-30T13:59:06","modified_gmt":"2022-07-30T13:59:06","slug":"buchhaltung-finanzielles","status":"publish","type":"page","link":"https:\/\/orga-support.gflr.de\/?page_id=40","title":{"rendered":"Buchhaltung\/Finanzielles"},"content":{"rendered":"\n<p>Auf dieser Seite findet ihr Dokumente, Formulare, Tipps und Anmerkungen zum Thema <strong>Projektmanagement bzw. Organisation von Veranstaltungen mit Schwerpunkt auf den finanziellen Aspekten<\/strong>, die wir f\u00fcr unseren Verein verwenden und die dementsprechend nat\u00fcrlich keine Allgemeing\u00fcltigkeit haben.<\/p>\n\n\n\n<p>Trotzdem k\u00f6nnen sie euch als Orientierung dienen und ihr d\u00fcrft sie gerne f\u00fcr euer Projektmanagement verwenden. Bei Fragen wendet euch bitte, wenn nicht anders angegeben,\u00a0an die 1. Vorsitzende Kim Scholz unter &#49;&#x2e;&#x76;o&#114;&#x73;t&#97;&#x6e;d&#64;&#x67;f&#108;&#x72;&#x2e;&#100;&#x65;.<\/p>\n\n\n\n<hr class=\"wp-block-separator\"\/>\n\n\n\n<h4 class=\"wp-block-heading\">Grunds\u00e4tzliches<\/h4>\n\n\n\n<p>Wir verwenden zur Abrechnung unserer Projekte und auch unseres Vereins eine Buchhaltungssoftware namens &#8222;lexoffice&#8220;. Dies tun wir zum einen, weil auf diese Art die Umsatzsteuervoranmeldung und die Einnahmen\u00fcberschussrechnung (E\u00dcR) am Jahresende relativ einfach zu erledigen sind. Zum anderen ist dadurch die finanzielle Koordination der Projekte und die damit einhergehende Buchhaltung auch f\u00fcr die Projektleitungen recht einfach zu bewerkstelligen. Das Programm ist verglicheb mit anderen Programmen recht g\u00fcnstig und l\u00e4sst sich gut auf die Bed\u00fcrfnisse eines gemeinn\u00fctzigen Vereins zuschneiden.<\/p>\n\n\n\n<p>F\u00fcr Vereine und Orgas, die kein solches Buchhaltungsprogramm verwenden, eignet sich eine klassische Abrechnung mit Excel. Diese findet ihr im folgenden Absatz.<\/p>\n\n\n\n<hr class=\"wp-block-separator\"\/>\n\n\n\n<h4 class=\"wp-block-heading\">Projektabrechnung<\/h4>\n\n\n\n<p>Jeder Verein, und besonders ein gemeinn\u00fctziger, ist dem Finanzamt gegen\u00fcber Rechenschaft schuldig. Wir m\u00fcssen nachweisen, was mit den Geldern passiert ist, die wir im Jahr so eingenommen und ausgegeben haben. Das gilt nat\u00fcrlich auch f\u00fcr die von uns organisierten Veranstaltungen.<\/p>\n\n\n\n<p>Jedes Projekt wird einzeln abgerechnet und am Ende des Jahres wird aus diesen Einzelabrechnungen und den Grundfinanzen des Vereins&nbsp;(Mitgliedsbeitr\u00e4ge, Spenden, generelle und projektunabh\u00e4ngige&nbsp;Anschaffungen f\u00fcr den Verein etc.)&nbsp;vom Finanzvorstand die Gesamtabrechnung des Vereins erstellt.<\/p>\n\n\n\n<p>Hier findet ihr eine Muster-Abrechnung, wie wir sie f\u00fcr unsere Veranstaltungen verwendet haben und die gut funktioniert hat und au\u00dferdem eine Datei mit Begriffserkl\u00e4rungen und Hinweisen zur Verwendung und Ablauf&nbsp;der Muster-Abrechnung:<\/p>\n\n\n\n<div class=\"wp-block-file\"><a href=\"https:\/\/orga-support.gflr.de\/wp-content\/uploads\/2018\/12\/Muster-Abrechnung-Projekte-2018_11.xls\">Muster-Abrechnung-Projekte Excel-Datei<\/a><a href=\"https:\/\/orga-support.gflr.de\/wp-content\/uploads\/2018\/12\/Muster-Abrechnung-Projekte-2018_11.xls\" class=\"wp-block-file__button\" download>Herunterladen<\/a><\/div>\n\n\n\n<div class=\"wp-block-file\"><a href=\"https:\/\/orga-support.gflr.de\/wp-content\/uploads\/2018\/12\/Hinweise-zur-Abrechnung.pdf\">Hinweise zur Abrechnung<\/a><a href=\"https:\/\/orga-support.gflr.de\/wp-content\/uploads\/2018\/12\/Hinweise-zur-Abrechnung.pdf\" class=\"wp-block-file__button\" download>Herunterladen<\/a><\/div>\n\n\n\n<p>Bei Fragen dazu gerne an uns wenden.<\/p>\n","protected":false},"excerpt":{"rendered":"<p>Auf dieser Seite findet ihr Dokumente, Formulare, Tipps und Anmerkungen zum Thema Projektmanagement bzw. Organisation von Veranstaltungen mit Schwerpunkt auf den finanziellen Aspekten, die wir f\u00fcr unseren Verein verwenden und die dementsprechend nat\u00fcrlich keine Allgemeing\u00fcltigkeit haben. Trotzdem k\u00f6nnen sie euch als Orientierung dienen und ihr d\u00fcrft sie gerne f\u00fcr euer Projektmanagement verwenden. Bei Fragen wendet &hellip; <\/p>\n","protected":false},"author":1,"featured_media":0,"parent":0,"menu_order":0,"comment_status":"closed","ping_status":"closed","template":"","meta":{"footnotes":""},"_links":{"self":[{"href":"https:\/\/orga-support.gflr.de\/index.php?rest_route=\/wp\/v2\/pages\/40"}],"collection":[{"href":"https:\/\/orga-support.gflr.de\/index.php?rest_route=\/wp\/v2\/pages"}],"about":[{"href":"https:\/\/orga-support.gflr.de\/index.php?rest_route=\/wp\/v2\/types\/page"}],"author":[{"embeddable":true,"href":"https:\/\/orga-support.gflr.de\/index.php?rest_route=\/wp\/v2\/users\/1"}],"replies":[{"embeddable":true,"href":"https:\/\/orga-support.gflr.de\/index.php?rest_route=%2Fwp%2Fv2%2Fcomments&post=40"}],"version-history":[{"count":14,"href":"https:\/\/orga-support.gflr.de\/index.php?rest_route=\/wp\/v2\/pages\/40\/revisions"}],"predecessor-version":[{"id":388,"href":"https:\/\/orga-support.gflr.de\/index.php?rest_route=\/wp\/v2\/pages\/40\/revisions\/388"}],"wp:attachment":[{"href":"https:\/\/orga-support.gflr.de\/index.php?rest_route=%2Fwp%2Fv2%2Fmedia&parent=40"}],"curies":[{"name":"wp","href":"https:\/\/api.w.org\/{rel}","templated":true}]}}