{"id":54,"date":"2018-12-21T10:09:31","date_gmt":"2018-12-21T10:09:31","guid":{"rendered":"https:\/\/orga-support.gflr.de\/?page_id=54"},"modified":"2022-07-30T14:01:18","modified_gmt":"2022-07-30T14:01:18","slug":"allgemeine-tipps-tricks","status":"publish","type":"page","link":"https:\/\/orga-support.gflr.de\/?page_id=54","title":{"rendered":"Allgemeine Tipps &#038; Tricks"},"content":{"rendered":"\n<p>Auf dieser Seite geht es um <strong>allgemeine Tipps und Trick, die das Leben eine Orga enorm erleichtern k\u00f6nnen<\/strong>. Ihr findet auf dieser Seite Dokumente, Tipps und Anregungen, die wir f\u00fcr unseren Verein verwenden und die dementsprechend nat\u00fcrlich keine Allgemeing\u00fcltigkeit haben. Trotzdem k\u00f6nnen sie euch als Orientierung dienen und ihr d\u00fcrft sie gerne f\u00fcr euren Verein verwenden. Bei Fragen wendet euch bitte, wenn nicht anders angegeben,\u00a0an die 1. Vorsitzende Kim Scholz unter 1&#46;vorstand&#64;gflr&#46;de.<\/p>\n\n\n\n<hr class=\"wp-block-separator\"\/>\n\n\n\n<h4 class=\"wp-block-heading\">Hopfmannsfelder Modell der kollegialen Orga-Beratung<\/h4>\n\n\n\n<p>LARPer*innen sind Laberer, wir reden gerne, viel und ausschweifend \u00fcber unser Hobby. Leider ein Fakt. Und ein Grund, warum sich Orga-Sitzungen manchmal unn\u00f6tig in die L\u00e4nge ziehen. Das muss aber nicht sein, wenn man ein bisschen strukturierter an solche Sachen herangeht. Deshalb haben wir das &#8222;<em>Hopfmannsfelder Modell der kollegialen Orga-Beratung<\/em>&#8220; aus einem anderen Modell heraus abgeleitet. Das Modell erm\u00f6glicht eine strukturierte Bearbeitung von Fragen, Problemen und F\u00e4llen, die sich in einer Orga auftun k\u00f6nnen. <\/p>\n\n\n\n<div class=\"wp-block-file\"><a href=\"https:\/\/orga-support.gflr.de\/wp-content\/uploads\/2019\/02\/Hopfmannsfelder-Modell-der-kollegialen-Orga-Beratung.pdf\">Hopfmannsfelder Modell der kollegialen Orga-Beratung<\/a><a href=\"https:\/\/orga-support.gflr.de\/wp-content\/uploads\/2019\/02\/Hopfmannsfelder-Modell-der-kollegialen-Orga-Beratung.pdf\" class=\"wp-block-file__button\" download>Herunterladen<\/a><\/div>\n\n\n\n<hr class=\"wp-block-separator\"\/>\n\n\n\n<h4 class=\"wp-block-heading\">Gedanken zu Plot und Cons<\/h4>\n\n\n\n<p>In diesen Pr\u00e4sentationen findet ihr hilfreiche allgemeine Gedanken und Strukturvorschl\u00e4ge zum Thema &#8222;Plot und Cons&#8220; und in &#8222;Kenne deine Werkzeuge&#8220; hilfreiche \u00dcberlegungen zur Reflektion \u00fcber Grenzen und M\u00f6glichkeiten etablierter Spielmechaniken des Live-Rollenspiels.<\/p>\n\n\n\n<div class=\"wp-block-file\"><a href=\"https:\/\/orga-support.gflr.de\/wp-content\/uploads\/2019\/01\/Gedanken-zu-Plot-und-Cons.pdf\">Gedanken zu Plot und Cons<\/a><a href=\"https:\/\/orga-support.gflr.de\/wp-content\/uploads\/2019\/01\/Gedanken-zu-Plot-und-Cons.pdf\" class=\"wp-block-file__button\" download>Herunterladen<\/a><\/div>\n\n\n\n<div class=\"wp-block-file\"><a href=\"https:\/\/orga-support.gflr.de\/wp-content\/uploads\/2019\/01\/Kenne-Deine-Werkzeuge-Reflektion-\u00fcber-Grenzen-und-M\u00f6glichkeiten.pdf\">Kenne Deine Werkzeuge<\/a><a href=\"https:\/\/orga-support.gflr.de\/wp-content\/uploads\/2019\/01\/Kenne-Deine-Werkzeuge-Reflektion-\u00fcber-Grenzen-und-M\u00f6glichkeiten.pdf\" class=\"wp-block-file__button\" download>Herunterladen<\/a><\/div>\n\n\n\n<hr class=\"wp-block-separator\"\/>\n\n\n\n<h4 class=\"wp-block-heading\">Kommunikation \u2013 Do\u00b4s und Don\u00b4ts<\/h4>\n\n\n\n<p>Kommunikation ist immer ein schwieriges Thema f\u00fcr Orgas. Sie taucht \u00fcberall auf und gestaltet sich nicht immer einfach. Um euch als Orga die Arbeit leichter zu machen und ggf. Fehler und Faux-Pas schon von Anfang an zu vermeiden, findet ihr hier eine in Zusammenarbeit mehrerer Orgas entstandene (und jederzeit erweiterbare) Aufstellung der Do\u00b4s und Don\u00b4ts f\u00fcr die Kommunikation im LARP.<\/p>\n\n\n\n<div class=\"wp-block-file\"><a href=\"https:\/\/orga-support.gflr.de\/wp-content\/uploads\/2018\/12\/Handout-Kommunikation-im-LARP.pdf\">Handout Kommunikation im LARP<\/a><a href=\"https:\/\/orga-support.gflr.de\/wp-content\/uploads\/2018\/12\/Handout-Kommunikation-im-LARP.pdf\" class=\"wp-block-file__button\" download>Herunterladen<\/a><\/div>\n\n\n\n<hr class=\"wp-block-separator\"\/>\n\n\n\n<h4 class=\"wp-block-heading\">Spielkonzept-Erweiterungen: Mehr als nur Plot<\/h4>\n\n\n\n<p>Wir haben unser Konzept von LARP um ein&nbsp;Spielkonzept erweitert, dass die Spieler_innen mehr in die Spielgestaltung einbezieht und den Hauptplot der SL erg\u00e4nzt: Die Plot-Patenschaft.<\/p>\n\n\n\n<p>Warum wir das machen und was genau das ist, erfahrt ihr hier: <strong><a href=\"https:\/\/www.gflr.de\/konzeptvorstellung-plot-patenschaft\/\" target=\"_blank\" rel=\"noreferrer noopener\">Konzeptvorstellung Plot-Patenschaft<\/a><\/strong><\/p>\n\n\n\n<p>Hilfreiche Dokumente und Materialien (Ablaufpl\u00e4ne, Beispiellisten etc.)&nbsp;zur Umsetzung der Plot-Patenschaft findet ihr <strong><a href=\"https:\/\/orga-support.gflr.de\/?page_id=42\">hier<\/a><\/strong>.<\/p>\n","protected":false},"excerpt":{"rendered":"<p>Auf dieser Seite geht es um allgemeine Tipps und Trick, die das Leben eine Orga enorm erleichtern k\u00f6nnen. Ihr findet auf dieser Seite Dokumente, Tipps und Anregungen, die wir f\u00fcr unseren Verein verwenden und die dementsprechend nat\u00fcrlich keine Allgemeing\u00fcltigkeit haben. Trotzdem k\u00f6nnen sie euch als Orientierung dienen und ihr d\u00fcrft sie gerne f\u00fcr euren Verein &hellip; <\/p>\n","protected":false},"author":1,"featured_media":0,"parent":0,"menu_order":0,"comment_status":"closed","ping_status":"closed","template":"","meta":{"footnotes":""},"_links":{"self":[{"href":"https:\/\/orga-support.gflr.de\/index.php?rest_route=\/wp\/v2\/pages\/54"}],"collection":[{"href":"https:\/\/orga-support.gflr.de\/index.php?rest_route=\/wp\/v2\/pages"}],"about":[{"href":"https:\/\/orga-support.gflr.de\/index.php?rest_route=\/wp\/v2\/types\/page"}],"author":[{"embeddable":true,"href":"https:\/\/orga-support.gflr.de\/index.php?rest_route=\/wp\/v2\/users\/1"}],"replies":[{"embeddable":true,"href":"https:\/\/orga-support.gflr.de\/index.php?rest_route=%2Fwp%2Fv2%2Fcomments&post=54"}],"version-history":[{"count":11,"href":"https:\/\/orga-support.gflr.de\/index.php?rest_route=\/wp\/v2\/pages\/54\/revisions"}],"predecessor-version":[{"id":390,"href":"https:\/\/orga-support.gflr.de\/index.php?rest_route=\/wp\/v2\/pages\/54\/revisions\/390"}],"wp:attachment":[{"href":"https:\/\/orga-support.gflr.de\/index.php?rest_route=%2Fwp%2Fv2%2Fmedia&parent=54"}],"curies":[{"name":"wp","href":"https:\/\/api.w.org\/{rel}","templated":true}]}}